{"id":2511,"date":"2021-04-26T17:50:18","date_gmt":"2021-04-26T17:50:18","guid":{"rendered":"https:\/\/www.maroe.es\/?post_type=product&#038;p=2511"},"modified":"2026-03-30T07:57:37","modified_gmt":"2026-03-30T07:57:37","slug":"toallita-lactancia-dumbo","status":"publish","type":"product","link":"https:\/\/www.maroe.es\/?product=toallita-lactancia-dumbo","title":{"rendered":"Toallita Lactancia (Tela a elegir)"},"content":{"rendered":"","protected":false},"excerpt":{"rendered":"<p>Toalla de lactancia 100% algod\u00f3n con rizo suave en la parte trasera.<\/p>\n<p>Se puede utilizar de much\u00edsimas maneras, para colocar encima del hombro, como babero improvisado, en la cunita, carrito o como mantelito. Tambi\u00e9n evitamos el uso de tantas toallitas h\u00famedas.<\/p>\n<ul>\n<li>Medida: 30x30cm aprox.<\/li>\n<li>Puedes consultar en el siguiente enlace\u00a0<a href=\"https:\/\/www.maroe.es\/?page_id=4307\">Telas disponibles<\/a>\u00a0y a\u00f1adir el nombre de las telas elegidas en los recuadros.<\/li>\n<\/ul>\n","protected":false},"featured_media":5736,"template":"","meta":{"_monsterinsights_skip_tracking":false,"_monsterinsights_sitenote_active":false,"_monsterinsights_sitenote_note":"","_monsterinsights_sitenote_category":0},"product_cat":[207],"product_tag":[],"jetpack_sharing_enabled":true,"_links":{"self":[{"href":"https:\/\/www.maroe.es\/index.php?rest_route=\/wp\/v2\/product\/2511"}],"collection":[{"href":"https:\/\/www.maroe.es\/index.php?rest_route=\/wp\/v2\/product"}],"about":[{"href":"https:\/\/www.maroe.es\/index.php?rest_route=\/wp\/v2\/types\/product"}],"wp:featuredmedia":[{"embeddable":true,"href":"https:\/\/www.maroe.es\/index.php?rest_route=\/wp\/v2\/media\/5736"}],"wp:attachment":[{"href":"https:\/\/www.maroe.es\/index.php?rest_route=%2Fwp%2Fv2%2Fmedia&parent=2511"}],"wp:term":[{"taxonomy":"product_cat","embeddable":true,"href":"https:\/\/www.maroe.es\/index.php?rest_route=%2Fwp%2Fv2%2Fproduct_cat&post=2511"},{"taxonomy":"product_tag","embeddable":true,"href":"https:\/\/www.maroe.es\/index.php?rest_route=%2Fwp%2Fv2%2Fproduct_tag&post=2511"}],"curies":[{"name":"wp","href":"https:\/\/api.w.org\/{rel}","templated":true}]}}