{"id":3734,"date":"2022-03-31T10:39:20","date_gmt":"2022-03-31T10:39:20","guid":{"rendered":"https:\/\/www.maroe.es\/?post_type=product&#038;p=3734"},"modified":"2026-03-29T19:02:17","modified_gmt":"2026-03-29T19:02:17","slug":"conjunto-sudadera","status":"publish","type":"product","link":"https:\/\/www.maroe.es\/?product=conjunto-sudadera","title":{"rendered":"Conjunto Sudadera"},"content":{"rendered":"","protected":false},"excerpt":{"rendered":"<p>Conjunto compuesto por\u00a0 sudadera con inicial o n\u00famero + cubrepa\u00f1al.<\/p>\n<ul>\n<li>Pod\u00e9is seleccionar: talla, color de sudadera y estampado de la tela.<\/li>\n<li>Pod\u00e9is escribir un (Si) si quer\u00e9is volante en el \u00faltimo recuadro.<strong> (Suplemento 4\u20ac).<\/strong><\/li>\n<li>CONSULTAR DISPONIBILIDAD DE COLORES DE SUDADERA ANTES DE REALIZAR EL PEDIDO (Tenemos algunos colores m\u00e1s disponibles).<\/li>\n<li>Puedes consultar en el siguiente enlace\u00a0<a href=\"https:\/\/www.maroe.es\/?page_id=4307\">Telas disponibles<\/a>\u00a0y a\u00f1adir el nombre de las telas elegidas en los recuadros.<\/li>\n<\/ul>\n","protected":false},"featured_media":3617,"template":"","meta":{"_monsterinsights_skip_tracking":false,"_monsterinsights_sitenote_active":false,"_monsterinsights_sitenote_note":"","_monsterinsights_sitenote_category":0},"product_cat":[214],"product_tag":[],"jetpack_sharing_enabled":true,"_links":{"self":[{"href":"https:\/\/www.maroe.es\/index.php?rest_route=\/wp\/v2\/product\/3734"}],"collection":[{"href":"https:\/\/www.maroe.es\/index.php?rest_route=\/wp\/v2\/product"}],"about":[{"href":"https:\/\/www.maroe.es\/index.php?rest_route=\/wp\/v2\/types\/product"}],"wp:featuredmedia":[{"embeddable":true,"href":"https:\/\/www.maroe.es\/index.php?rest_route=\/wp\/v2\/media\/3617"}],"wp:attachment":[{"href":"https:\/\/www.maroe.es\/index.php?rest_route=%2Fwp%2Fv2%2Fmedia&parent=3734"}],"wp:term":[{"taxonomy":"product_cat","embeddable":true,"href":"https:\/\/www.maroe.es\/index.php?rest_route=%2Fwp%2Fv2%2Fproduct_cat&post=3734"},{"taxonomy":"product_tag","embeddable":true,"href":"https:\/\/www.maroe.es\/index.php?rest_route=%2Fwp%2Fv2%2Fproduct_tag&post=3734"}],"curies":[{"name":"wp","href":"https:\/\/api.w.org\/{rel}","templated":true}]}}