{"id":3901,"date":"2022-06-14T18:55:25","date_gmt":"2022-06-14T18:55:25","guid":{"rendered":"https:\/\/www.maroe.es\/?post_type=product&#038;p=3901"},"modified":"2026-03-29T19:01:28","modified_gmt":"2026-03-29T19:01:28","slug":"conjunto-pantalon","status":"publish","type":"product","link":"https:\/\/www.maroe.es\/?product=conjunto-pantalon","title":{"rendered":"Conjunto Pantal\u00f3n"},"content":{"rendered":"","protected":false},"excerpt":{"rendered":"<p>Conjunto de pantal\u00f3n m\u00e1s camiseta o body con bolsillo estampado 100% algod\u00f3n.<\/p>\n<ul>\n<li>La talla de 3 meses ir\u00e1 con body, el resto ser\u00e1 camiseta.<\/li>\n<li>Estampados varios a elegir (Telas disponibles en instagram en las carpetas destacadas)<\/li>\n<li>Puedes consultar en el siguiente enlace\u00a0<a href=\"https:\/\/www.maroe.es\/?page_id=4307\">Telas disponibles<\/a>\u00a0y a\u00f1adir el nombre de las telas elegidas en los recuadros.<\/li>\n<\/ul>\n<p>Para mas informaci\u00f3n o dudas sobre las telas consultarnos por mensaje privado o whatsapp.<\/p>\n","protected":false},"featured_media":3907,"template":"","meta":{"_monsterinsights_skip_tracking":false,"_monsterinsights_sitenote_active":false,"_monsterinsights_sitenote_note":"","_monsterinsights_sitenote_category":0},"product_cat":[214],"product_tag":[],"jetpack_sharing_enabled":true,"_links":{"self":[{"href":"https:\/\/www.maroe.es\/index.php?rest_route=\/wp\/v2\/product\/3901"}],"collection":[{"href":"https:\/\/www.maroe.es\/index.php?rest_route=\/wp\/v2\/product"}],"about":[{"href":"https:\/\/www.maroe.es\/index.php?rest_route=\/wp\/v2\/types\/product"}],"wp:featuredmedia":[{"embeddable":true,"href":"https:\/\/www.maroe.es\/index.php?rest_route=\/wp\/v2\/media\/3907"}],"wp:attachment":[{"href":"https:\/\/www.maroe.es\/index.php?rest_route=%2Fwp%2Fv2%2Fmedia&parent=3901"}],"wp:term":[{"taxonomy":"product_cat","embeddable":true,"href":"https:\/\/www.maroe.es\/index.php?rest_route=%2Fwp%2Fv2%2Fproduct_cat&post=3901"},{"taxonomy":"product_tag","embeddable":true,"href":"https:\/\/www.maroe.es\/index.php?rest_route=%2Fwp%2Fv2%2Fproduct_tag&post=3901"}],"curies":[{"name":"wp","href":"https:\/\/api.w.org\/{rel}","templated":true}]}}