{"id":6175,"date":"2026-04-15T17:46:08","date_gmt":"2026-04-15T17:46:08","guid":{"rendered":"https:\/\/www.maroe.es\/?post_type=product&#038;p=6175"},"modified":"2026-04-15T18:37:07","modified_gmt":"2026-04-15T18:37:07","slug":"panalera-neceser-mariquitas-muselina-verde","status":"publish","type":"product","link":"https:\/\/www.maroe.es\/?product=panalera-neceser-mariquitas-muselina-verde","title":{"rendered":"Pa\u00f1alera neceser Mariquitas + Muselina verde"},"content":{"rendered":"","protected":false},"excerpt":{"rendered":"<p>Un complemento indispensable y c\u00f3modo que te ayudar\u00e1 llevar todos los pa\u00f1ales y toallitas de tu beb\u00e9.<\/p>\n<p>Contiene dos compartimentos: un neceser para guardar los pa\u00f1ales y un bolsillo exterior con f\u00e1cil acceso para las toallitas.<\/p>\n<ul>\n<li>Se puede personalizar con el nombre del beb\u00e9 (+2\u20ac).<\/li>\n<\/ul>\n<p><strong>*Medida toallitas tipo Dodot. Para otras marcas, consultar.<\/strong><\/p>\n<p>Este producto se enviar\u00e1 en <strong>24-48 horas laborables<\/strong> (excepto si a\u00f1aden algo fuera de la categor\u00eda de stock, que ser\u00eda el plazo estimado de los productos personalizados).<\/p>\n","protected":false},"featured_media":6187,"template":"","meta":{"_monsterinsights_skip_tracking":false,"_monsterinsights_sitenote_active":false,"_monsterinsights_sitenote_note":"","_monsterinsights_sitenote_category":0},"product_cat":[602],"product_tag":[],"jetpack_sharing_enabled":true,"_links":{"self":[{"href":"https:\/\/www.maroe.es\/index.php?rest_route=\/wp\/v2\/product\/6175"}],"collection":[{"href":"https:\/\/www.maroe.es\/index.php?rest_route=\/wp\/v2\/product"}],"about":[{"href":"https:\/\/www.maroe.es\/index.php?rest_route=\/wp\/v2\/types\/product"}],"wp:featuredmedia":[{"embeddable":true,"href":"https:\/\/www.maroe.es\/index.php?rest_route=\/wp\/v2\/media\/6187"}],"wp:attachment":[{"href":"https:\/\/www.maroe.es\/index.php?rest_route=%2Fwp%2Fv2%2Fmedia&parent=6175"}],"wp:term":[{"taxonomy":"product_cat","embeddable":true,"href":"https:\/\/www.maroe.es\/index.php?rest_route=%2Fwp%2Fv2%2Fproduct_cat&post=6175"},{"taxonomy":"product_tag","embeddable":true,"href":"https:\/\/www.maroe.es\/index.php?rest_route=%2Fwp%2Fv2%2Fproduct_tag&post=6175"}],"curies":[{"name":"wp","href":"https:\/\/api.w.org\/{rel}","templated":true}]}}